 35221
What are the prime factors of 18797?
18797
List the prime factors of 1002079.
13, 19, 4057
List the prime factors of 9975644.
2, 7, 37, 9629
What are the prime factors of 7226267?
7226267
List the prime factors of 965810.
2, 5, 96581
List the prime factors of 6745050.
2, 3, 5, 13, 1153
What are the prime factors of 268507?
268507
What are the prime factors of 323545?
5, 64709
What are the prime factors of 405456?
2, 3, 8447
List the prime factors of 9866636.
2, 13, 189743
What are the prime factors of 626407?
53, 223
List the prime factors of 200845.
5, 40169
What are the prime factors of 207810?
2, 3, 5, 2309
What are the prime factors of 634153?
13, 48781
List the prime factors of 674385.
3, 5, 44959
What are the prime factors of 105822?
2, 3, 5879
What are the prime factors of 11954678?
2, 5977339
What are the prime factors of 238561?
17, 14033
List the prime factors of 140663.
140663
What are the prime factors of 3484214?
2, 31, 56197
List the prime factors of 397404.
2, 3, 7, 19, 83
What are the prime factors of 1630847?
67, 101, 241
List the prime factors of 2490127.
2490127
What are the prime factors of 111728?
2, 6983
What are the prime factors of 1750668?
2, 3, 23, 6343
List the prime factors of 11895.
3, 5, 13, 61
List the prime factors of 10913472.
2, 3, 18947
What are the prime factors of 14080001?
13, 1083077
What are the prime factors of 2884860?
2, 3, 5, 11, 31, 47
List the prime factors of 92838.
2, 3, 15473
What are the prime factors of 5975990?
2, 5, 597599
What are the prime factors of 2776535?
5, 555307
What are the prime factors of 54039?
3, 18013
List the prime factors of 1077001.
17, 63353
What are the prime factors of 272057?
197, 1381
List the prime factors of 572152.
2, 7, 17, 601
List the prime factors of 8507519.
479, 17761
List the prime factors of 1534773.
3, 511591
What are the prime factors of 28493086?
2, 3083, 4621
List the prime factors of 167354.
2, 11, 7607
List the prime factors of 285318.
2, 3, 11, 131
What are the prime factors of 2384255?
5, 476851
List the prime factors of 7938618.
2, 3, 19, 83, 839
What are the prime factors of 648132?
2, 3, 54011
List the prime factors of 1409025.
3, 5, 18787
What are the prime factors of 996122?
2, 498061
What are the prime factors of 6303613?
1039, 6067
What are the prime factors of 3179252?
2, 673, 1181
What are the prime factors of 107244?
2, 3, 331
List the prime factors of 145614.
2, 3, 7, 3467
What are the prime factors of 269618?
2, 113, 1193
List the prime factors of 941545.
5, 11, 17, 19, 53
What are the prime factors of 2041361?
7, 193, 1511
List the prime factors of 4215567.
3, 53, 26513
What are the prime factors of 13943609?
1471, 9479
What are the prime factors of 1550485?
5, 17, 29, 37
What are the prime factors of 153617?
23, 6679
List the prime factors of 31219542.
2, 3, 31, 55949
What are the prime factors of 2765847?
3, 7, 131707
List the prime factors of 326027.
13, 31, 809
List the prime factors of 4577653.
4577653
List the prime factors of 486394.
2, 243197
What are the prime factors of 29164392?
2, 3, 19, 21319
List the prime factors of 623838.
2, 3, 173, 601
List the prime factors of 4108379.
11, 373489
What are the prime factors of 4465044?
2, 3, 13781
What are the prime factors of 98587?
311, 317
List the prime factors of 2070877.
2070877
What are the prime factors of 23341286?
2, 1429, 8167
What are the prime factors of 465798?
2, 3, 29, 2677
List the prime factors of 7970055.
3, 5, 531337
What are the prime factors of 3978165?
3, 5, 113, 2347
List the prime factors of 371685.
3, 5, 71, 349
What are the prime factors of 326806?
2, 163403
List the prime factors of 8436979.
8436979
What are the prime factors of 1864591?
1864591
What are the prime factors of 4607107?
23, 383, 523
What are the prime factors of 57933?
3, 41, 157
List the prime factors of 1636908.
2, 3, 7, 13, 1499
What are the prime factors of 4781788?
2, 11, 108677
List the prime factors of 16837843.
11, 1530713
What are the prime factors of 2945280?
2, 3, 5, 13, 59
What are the prime factors of 27845?
5, 5569
List the prime factors of 493240.
2, 5, 11, 19, 59
List the prime factors of 537808.
2, 33613
List the prime factors of 575419.
13, 44263
What are the prime factors of 293647?
43, 6829
What are the prime factors of 241441?
241441
List the prime factors of 34023.
3, 11, 1031
What are the prime factors of 1165982?
2, 571, 1021
What are the prime factors of 664230?
2, 3, 5, 7, 3163
What are the prime factors of 14320810?
2, 5, 7, 204583
What are the prime factors of 440377?
7, 53, 1187
What are the prime factors of 24667?
17, 1451
List the prime factors of 25855281.
3, 319201
List the prime factors of 333088.
2, 7, 1487
What are the prime factors of 49690?
2, 5, 4969
List the prime factors of 1226683.
1226683
List the prime factors of 15146060.
2, 5, 229, 3307
List the prime factors of 15221735.
5, 3044347
List the prime factors of 131934.
2, 3, 11, 1999
List the prime factors of 622557.
3, 13, 17, 313
What are the prime factors of 765885?
3, 5, 51059
What are the prime factors of 273372?
2, 3, 11, 19, 109
What are the prime factors of 57970?
2, 5, 11, 17, 31
List the prime factors of 7306640.
2, 5, 11, 19, 23
List the prime factors of 300204.
2, 3, 31, 269
What are the prime factors of 992439?
3, 7, 59, 89
List the prime factors of 853941.
3, 11, 113, 229
List the prime factors of 523416.
2, 3, 113, 193
What are the prime factors of 1231834?
2, 23, 61, 439
What are the prime factors of 4850459?
4850459
What are the prime factors of 66478?
2, 43, 773
List the prime factors of 27619613.
7, 3945659
List the prime factors of 13986822.
2, 3, 41, 56857
List the prime factors of 182254.
2, 91127
What are the prime factors of 1594547?
31, 51437
List the prime factors of 1304998.
2, 652499
List the prime factors of 85679.
11, 7789
List the prime factors of 453761.
7, 11, 71, 83
List the prime factors of 1720908.
2, 3, 7, 6829
List the prime factors of 5984989.
673, 8893
What are the prime factors of 420903?
3, 7, 17, 131
What are the prime factors of 219829?
219829
What are the prime factors of 8392193?
8392193
List the prime factors of 551803.
7, 17, 4637
List the prime factors of 37488.
2, 3, 11, 71
What are the prime factors of 15981503?
569, 28087
List the prime factors of 675233.
13, 51941
What are the prime factors of 71847?
3, 887
What are the prime factors of 506079?
3, 7, 29, 277
What are the prime factors of 10020341?
23, 29, 83, 181
What are the prime factors of 45883?
17, 2699
What are the prime factors of 4285568?
2, 7, 4783
What are the prime factors of 1279707?
3, 11, 13, 19, 157
What are the prime factors of 284224?
2, 4441
List the prime factors of 4909854.
2, 3, 818309
List the prime factors of 2166578.
2, 1083289
What are the prime factors of 153907?
13, 11839
List the prime factors of 543801.
3, 109, 1663
What are the prime factors of 10186912?
2, 449, 709
List the prime factors of 29629553.
193, 153521
What are the prime factors of 8851866?
2, 3, 17, 86783
List the prime factors of 674262.
2, 3, 47, 797
What are the prime factors of 257234?
2, 41, 3137
List the prime factors of 513300.
2, 3, 5, 29, 59
List the prime factors of 4178056.
2, 17, 31, 991
What are the prime factors of 6535584?
2, 3, 11, 2063
What are the prime factors of 2431659?
3, 810553
What are the prime factors of 36222798?
2, 3, 29, 179, 1163
List the prime factors of 358326.
2, 3, 17, 1171
List the prime factors of 13863060.
2, 3, 5, 77017
List the prime factors of 218621.
13, 67, 251
List the prime factors of 141311.
141311
What are the prime factors of 38099?
31, 1229
What are the prime factors of 15895368?
2, 3, 277, 797
What are the prime factors of 606450?
2, 3, 5, 13, 311
List the prime factors of 78208.
2, 13, 47
What are the prime factors of 12429701?
487, 25523
List the prime factors of 710070.
2, 3, 5, 23669
List the prime factors of 137293.
13, 59, 179
What are the prime factors of 802295?
5, 13, 12343
What are the prime factors of 180711?
3, 23, 97
List the prime factors of 3521677.
3521677
List the prime factors of 317149.
7, 45307
What are the prime factors of 621932?
2, 89, 1747
What are the prime factors of 60441?
3, 20147
What are the prime factors of 422295?
3, 5